 3*l. Suppose -11 - x = -5*y. Let s(n) = -n**3 + 5*n**2 - 6*n + 2. What is s(y)?
-6
Let h(w) = -w + 20. Let s be h(17). Let d(v) = 2*v - 4. Determine d(s).
2
Let m(k) = -k**2 + 2*k + 1. Let p = 11 + -6. Let r = p + -2. Suppose 3*s + 4*g - 16 = 0, 3*s = r*g - g + 10. Give m(s).
-7
Let s(t) = t**3 - 2*t**2 + 2*t - 1. Let q be s(2). Let r(x) = -2*x**2 + 2*x + 4. Give r(q).
-8
Let w(r) = -3*r + 2*r + 3 - 1 - 1. Determine w(4).
-3
Suppose -d + 3*k = -22 + 3, k + 9 = d. Suppose h = d*h. Let a(t) = -t**3 - t**2. Calculate a(h).
0
Let v(o) be the first derivative of -o**4/4 + 2*o**3/3 - 2*o**2 + 2*o - 15. Determine v(2).
-6
Let r be (-12)/5*(-10)/4. Let w be ((-2)/r)/((-6)/36). Let p = w + -6. Let i(z) = -z**2 - 4*z. What is i(p)?
0
Let t(p) = 6*p**2 - 4*p - 6. Let i(n) = -n**3 - 6*n**2 - n - 7. Let c be i(-6). Let o(y) = y**2 - y - 1. Let a(x) = c*t(x) + 5*o(x). Calculate a(0).
1
Let t(y) = -2 - 3*y + y**3 + 12*y - 8*y + 4*y**2. Let b be t(-3). Let v(z) = z**2 + z - 1. Let f(x) = 5*x**2 - 4. Let m(n) = f(n) - 4*v(n). Give m(b).
0
Suppose -3*w - 9 = -3*u, w - 5*u = -w - 12. Let y(x) = 8*x + 1. Calculate y(w).
-7
Let s be 3 + ((-8)/(-2))/2. Let r be 1*5 - (s - 4). Let x(z) be the first derivative of -z**4/4 + 4*z**3/3 + z - 1. Give x(r).
1
Let b(a) = -a**3 - 2 - 2*a**2 + 2*a - 3 + 2. Let i be (-1)/3 - 84/(-9). Suppose 3*d = -0*d - i. Calculate b(d).
0
Let p(m) = 5*m - 1. Let f = -7 + 4. Let t be f + -2 + 3 - 0. Give p(t).
-11
Let r(x) = -2*x**2 + 98 + x**2 - 97. Let a(i) = i**2 - 7*i + 4. Let t be a(6). Let u be 10/45 - t/(-9). Calculate r(u).
1
Let z(h) = h**3 + 1 + h - 17 + 22 + 6*h**2. Calculate z(-6).
0
Let r be (-10 + 4)/((-9)/(-42)). Let g be 63/r - 2/(-8). Let x(o) = 3*o. Give x(g).
-6
Let s(n) = -n**3 - 2*n**2 - 2*n + 7. Let h(t) = t**3 + t**2 + 2*t - 6. Let l(k) = 6*h(k) + 5*s(k). What is l(4)?
7
Let o(s) = s**3 + 5*s**2 + 4*s + 1. Let g be 1/(-3)*(-3)/1. Suppose -h + 1 = 0, 0*m + m + h - g = 0. Let l be -1 + 1 + (-3 - m). Determine o(l).
7
Let w(t) = -7*t**3 - 5*t**2 + 5*t - 6. Let y(x) = 15*x**3 + 10*x**2 - 11*x + 12. Let g(o) = -13*w(o) - 6*y(o). What is g(-5)?
1
Let f(p) = 3*p + 2. Let l(r) = -r**2 - 2*r - 3. Let k be l(-2). Calculate f(k).
-7
Let h(n) = -5*n + 9. Suppose 2 = 3*q + 14. Let l(u) = 4*u - 9. Let y(o) = q*l(o) - 3*h(o). Give y(5).
4
Let u(d) = -4*d - 7. Let b(q) = 2*q + 4. Let n(m) = -5*b(m) - 3*u(m). Give n(3).
7
Let r = -17 + 27. Let d(b) = -b**3 + 11*b**2 - 10*b + 5. What is d(r)?
5
Let l(d) = -4*d - 5. Let u(f) = 3 + 2*f - 7 - 5*f. Let z(i) = 2*l(i) - 3*u(i). Let k be ((-8)/(-6))/((-3)/(-9)). What is z(k)?
6
Let k(p) = -3*p + 3. Let j = 11 - 17. Let q(m) = m + 3. Let v be q(j). Give k(v).
12
Let q(h) be the third derivative of h**8/10080 - h**7/1260 + h**6/360 - h**5/30 - 7*h**2. Let z(d) be the third derivative of q(d). What is z(2)?
2
Suppose -6*d + 11*d = 0. Let a(m) = m**3 - m**2 - 7. What is a(d)?
-7
Let u(o) = 6*o**2 - 3*o - 5. Let t(q) = 7*q**2 - 3*q - 5. Suppose -5*z - 11 = 19. Let d(x) = z*u(x) + 5*t(x). Calculate d(4).
1
Let q be -4 - (-6)/3 - -1. Let i be (0/q)/(0 - -1). Let y(b) = b - 7. Give y(i).
-7
Suppose 0 = b + b - 4. Suppose -b*o + 2 = -10. Let j(h) = h**2 - 6*h + 8. Calculate j(o).
8
Let d(j) = -j - 1. Let u(h) = 6*h - 3. Let q(n) = 5*d(n) + u(n). Let w(t) = t**3 - 11*t**2 - 10*t - 19. Let k be w(12). Determine q(k).
-3
Let k(t) = 3 + 3*t - 2*t + t - t**2. Let q be (-7)/(-2) + 8/16. Determine k(q).
-5
Let w(m) = -m - 5. Let i be w(-3). Let f(l) = l**2 + 2*l - 1. Determine f(i).
-1
Let g be (-1 - 4)*(-8)/10. Suppose g*o = 5*o - 12. Suppose -o = -5*s + s. Let x(q) = -q**2 + 5*q - 4. Give x(s).
2
Suppose 5*f - 15 = 6*c - c, 4*f = c + 18. Let d(l) = -1 - l + l**3 + 8 + 8*l + 7*l**c. Determine d(-6).
1
Let p(a) be the first derivative of -a**4/4 - 5*a**3/3 + 3*a**2 + 8*a + 9. Determine p(-6).
8
Let p(w) = w**2 - 6*w + 5. Suppose -15*m = -30 - 15. Determine p(m).
-4
Let x(k) = k - 1. Let g be x(-4). Let o(h) = 6*h**2 + 4*h + 3. Let i(l) = 5*l**2 + 4*l + 2. Let w(t) = 5*i(t) - 4*o(t). What is w(g)?
3
Suppose 0*g = -3*g. Let o be g*1/(-4)*-1. Let u(p) = -p**2 + 1. What is u(o)?
1
Let m(i) = 4*i - 1. Let w be (0 + (-4)/14)/((-1)/7). What is m(w)?
7
Let x(r) = -2*r**2 + 2. Let q(l) be the third derivative of -l**5/30 - 4*l**2. Let t be q(-1). Calculate x(t).
-6
Suppose -18 = -4*i + i. Let p = 15 - i. Suppose 0 = 3*l + 4*u + 18, p = -5*l + u + 2. Let r(n) = -n**2 - 4*n - 3. Calculate r(l).
1
Let d(q) be the second derivative of 1/2*q**2 + 1/6*q**3 + 0 - 6*q. Suppose 4*x - 10 = -x. Determine d(x).
3
Let z(a) = a - 1. Suppose 5*y = 3*l + 30, -y - 2 = -l - 10. What is z(l)?
-6
Let y(w) = w**2 + 3*w**3 + 7*w**3 + 3 - 9*w**3 + w - 2*w**2. Determine y(0).
3
Suppose 0 = -u - 2*b, b = -4*u - 2*b + 15. Let x(q) = q**2 - 7*q - 3. Calculate x(u).
-9
Let q(v) = v**3 + 7*v**2 + v + 9. Let w be -7*((5 - 2) + (-4)/2). Give q(w).
2
Let f(z) = 2*z - 1. Let g be ((-1 + 31)/(-3))/(3 - 5). Calculate f(g).
9
Suppose -5*f - 15 = 5. Let j be ((3 + -2)*f)/(-1). Let v(y) = y + 1 + j + 2. Calculate v(-5).
2
Let l(b) = 7 - 10 + b + b. What is l(2)?
1
Let g(p) = -7*p**2 + 2*p - 1. Let f(u) = 8*u**2 - 2*u + 2. Let i(x) = -2*f(x) - 3*g(x). Let n(b) = 2*b - 17. Let a be -6*((-32)/12)/2. Let v be n(a). Give i(v).
6
Let x(w) = w**3 + w**2 - 1. Let t be x(-1). Let u(i) = -i**2 - i + 1. Let p(n) = -14*n**2 - 4*n + 3. Let f(c) = t*p(c) + 4*u(c). Calculate f(1).
11
Let o(u) = -u + 2 - 5 - u**3 - 8 + 2*u**2 - 3*u**2. Calculate o(0).
-11
Let j(z) = -z**3 - 8*z**2 + 9*z - 12. Let s be j(-9). Let o be 1/(9/s)*-15. Suppose -7*u + 2*u - o = 0. Let c(b) = -b**3 - 3*b**2 + 5*b + 1. What is c(u)?
-3
Let d(b) = 4*b**2 - 6*b + 1. Let f(l) = -1 - 8*l**2 + 3*l + 3*l**2 + 4*l**3 - 5*l**3 + 4*l. Let v(o) = -6*d(o) - 5*f(o). What is v(1)?
6
Let v(w) be the first derivative of -w**3/3 - 2*w**2 + w + 1. Let g be v(-4). Let b = -1 + g. Let q(k) = -k**3 - k + 5. Determine q(b).
5
Let u(y) = y + 3. Let h be u(1). Let g(d) be the second derivative of d**5/60 - d**4/12 - d**3/3 + 2*d. Let t(o) be the second derivative of g(o). What is t(h)?
6
Let c(l) = -l**3 + 5*l**2 - 3*l + 6. Suppose -22 = 2*s - 8. Let y = -2 - s. Determine c(y).
-9
Let q(i) = i**3 - 9*i**2 + 9*i - 1. Suppose 8 = 101*o - 100*o. Calculate q(o).
7
Let y(m) = -4*m**2 + 9*m - 9. Let j(d) = 3*d**2 - 8*d + 8. Let k(f) = -3*j(f) - 2*y(f). Suppose 3*s - 9 = -5*b + 16, 0 = -5*s - 5*b + 35. What is k(s)?
-1
Let z(b) = b**3 + 2 - 2*b**2 + b**2 - 3. What is z(2)?
3
Let g(m) = m - 1. Let o be g(6). Suppose -11 = -o*u + 14. Suppose -3*y + 3 = f, -3*f - 4 + 5 = u*y. Let q(n) = -n - 2. Calculate q(f).
1
Let j(w) = 3*w - 7. Suppose 2*l = -l + 15. Let i(u) = 4*u + 0*u - l*u + 14. Let g be i(9). Calculate j(g).
8
Suppose 5*t + 2*d = -8 + 24, 5*t = 4*d - 2. Let r(x) be the second derivative of 0 - 2/3*x**3 - t*x**2 - x + 1/12*x**4. Calculate r(5).
1
Suppose -6 = 4*k - 26. Let z be ((-16)/10)/((-1)/5). Suppose -k*a - r + 8 = -0*a, 3*r = a - z. Let j(h) = -h**3 + h**2 + 2*h + 1. Calculate j(a).
1
Let b(w) = -w**2 - 6*w - 2. Let i(z) = -1. Suppose 2*f - 4 = -0. Let v(h) = f*i(h) - b(h). Calculate v(-5).
-5
Let n(g) = g. Let a(l) = l**2 + 9*l - 4. Let b(y) = a(y) - 6*n(y). Let s(x) = -x**3 - x**2 - 3. Let c be s(0). Give b(c).
-4
Let n(h) be the third derivative of 1/12*h**4 + 0 + 0*h - 2/3*h**3 + 6*h**2 + 1/60*h**5. Determine n(3).
11
Suppose 5*i - 6*r + 2*r = 4, -5*i + 12 = -2*r. Suppose -i*w + 6 = -2*w. Let k(o) = 2*o**2 + 4*o - o + 7 - w*o**2. Calculate k(5).
-3
Let a(b) = 2*b + 6. Let y = 4 - 2. Suppose -2*l = -y - 2. Suppose 27 = -3*q + 3*w, 4*q + q + 33 = l*w. What is a(q)?
-4
Let j(p) = p - 4. Let w(y) = 6*y - 20. Let o(f) = -11*j(f) + 2*w(f). What is o(-3)?
1
Let t(p) = 4*p**3 - 27*p**2 - 20*p - 17. Let u(f) = -3*f**3 + 18*f**2 + 13*f + 12. Let z(b) = -5*t(b) - 7*u(b). Determine z(-8).
-7
Suppose -4*h + 10 + 2 = 2*i, 5*i = 2*h + 6. Suppose 4 = -5*y + 3*y + i*s, 12 = 4*y + s. Let t(n) = -2 + n + 4*n**2 - y + n**2 + 3. What is t(1)?
5
Let u(h) = -h**3 + 5*h**2 + 6*h - 7. Suppose -5*c + 38 = -4*a, -4*a - 4 - 16 = -2*c. Give u(c).
-7
Let k(b) = -b**2 + 6*b - 2. Let i be k(6). Let p = i - 2. Let u(h) = 2*h + 1. What is u(p)?
-7
Let b(w) = w**2. Let u(d) = -d**3 - 8*d**2 - 2*d - 9. Let z(g) = 2*b(g) + u(g). Calculate z